+ 22*j**2 + 4 - 12*j**2 - 6*j**2. Let l be i(1). Calculate the highest common factor of l and 4.
2
Let a = 1421 - 1416. What is the highest common divisor of a and 845?
5
Suppose -60*b + 51*b + 180 = 0. Calculate the greatest common factor of 40 and b.
20
Suppose 0 = 6*r - 3*r - 3. Suppose -i = -4 + 13. Let q be (i + 11)*10/4. What is the greatest common divisor of q and r?
1
Let s = -1541 + 1557. Let u be (-32)/3*33/(-2). Calculate the highest common factor of s and u.
16
Let z = 227 - 203. What is the greatest common factor of z and 108?
12
Let b = 5 + -4. Let o = -6 - -6. Let k be b + -3 - (o - 98). What is the greatest common factor of k and 12?
12
Let k(w) = -27*w**2 + 2*w + 5. Let n(r) = 80*r**2 - 6*r - 16. Let t(b) = 17*k(b) + 6*n(b). Let z be t(-3). Calculate the highest common divisor of 46 and z.
46
Let d(l) = -l**2 - 13*l - 21. Let m be d(-9). Suppose -2*b - 2*n = 2, -8*n - 16 = -4*n. Calculate the highest common factor of m and b.
3
Let f = 758 - 493. What is the highest common factor of f and 159?
53
Suppose 0*x + 3 = 2*f - 5*x, 5*x = 4*f - 21. Let v = 61 + f. Suppose -1 = -5*d + 24, -3*q + 4*d = -64. What is the highest common divisor of v and q?
14
Let c be 8 + 2/(-2)*-3. Let l be -5 + 2 + -5 + 3. Let a be (-2)/5*l + 31. Calculate the greatest common divisor of c and a.
11
Suppose -w + 8 = 6. Suppose -5*r - 85 = -i, i + w*i = -r + 175. What is the greatest common factor of i and 12?
12
Suppose -40*q = -14*q - 104. What is the greatest common divisor of q and 9?
1
Let k(y) = y**3 - 5*y**2 + 2*y - 7. Let j be k(5). Suppose 3*t = j*g - g + 26, -5*t + 3*g = -42. What is the highest common divisor of 54 and t?
6
Suppose -21 = -d + 3. Suppose 2*n = -l + 30 + d, -5*l - 2*n + 262 = 0. Let o = l + -32. What is the greatest common factor of o and 5?
5
Let o(w) = -8*w**3 + w**2 + w. Let x be o(-1). Suppose 4*a - 241 = -c, a - 3*c - 49 = x. Calculate the highest common divisor of 6 and a.
6
Let w = 1036 + -1023. Calculate the greatest common factor of 1651 and w.
13
Suppose -4*r + 261 = 1349. Let v = -173 - r. Calculate the highest common factor of 11 and v.
11
Let l(h) = 8*h - 28. Let m be l(4). Suppose m*f = -4*u + 40, 2*f + 0*u = -4*u + 18. What is the highest common factor of f and 66?
11
Let s = -31 + 35. Suppose 4*g = -7*k + s*k + 134, 4*k = g + 204. Calculate the greatest common factor of k and 350.
50
Let y = 148 + -133. Suppose -3*s + 12 = 0, -a + y = -5*s - 5. What is the highest common divisor of a and 30?
10
Suppose 0 = -19*q + 91 + 137. What is the greatest common factor of q and 204?
12
Suppose -3*s + 72 = z - 4*z, 4*s - 3*z = 92. Suppose 0 = 2*q + 2*n - s, n = -4*q + 5*n + 80. Calculate the highest common factor of q and 60.
15
Let s = -3 + 24. Let d = 42 - 20. Let n be d/3 - (3 - 8/3). Calculate the greatest common factor of s and n.
7
Let a(z) = -z - 3. Let g be a(-8). Suppose -109 + 264 = g*i. Let s = i - 15. Calculate the highest common divisor of 16 and s.
16
Suppose 7*s + 2*i - 2176 = 2*s, 2155 = 5*s - 5*i. Calculate the greatest common factor of s and 124.
62
Suppose t = -3*j + 18, -j = 5*t - 4*j - 108. What is the highest common factor of 196 and t?
7
Let u(q) = 2*q**2 - q - 28. Let p be u(-8). What is the highest common factor of p and 27?
27
Let k = 46 + -31. Let n be -2 - -110 - (11 - 8). Calculate the greatest common factor of n and k.
15
Suppose 2*i - 5*r + 0*r = 140, 2*i - 140 = 2*r. Calculate the highest common factor of i and 5.
5
Suppose 4*z = 2*w - z + 21, 18 = 4*w + 2*z. Let o be (1 - w)/((-3)/(-21)). Let v be 35 + o + -1 + 3. What is the highest common divisor of 12 and v?
6
Let u = -45 - 62. Let s = -85 - u. Calculate the greatest common divisor of 2 and s.
2
Suppose 0 = -30*w + 27*w + 861. Calculate the highest common factor of w and 123.
41
Let n = 56 - 134. Let p be (3 - 36/8)/(3/n). What is the greatest common factor of p and 273?
39
Let o(f) = 30 + 25 - 53 + 10*f. Let g be o(1). What is the greatest common divisor of g and 60?
12
Let b(k) = -18*k**3 + 3*k**2 + 5*k + 4. Let c be b(-2). Let i be 33 + (-10)/(-2)*60/(-100). What is the highest common factor of i and c?
30
Suppose 0*u = -8*u + 192. What is the highest common factor of 6 and u?
6
Let t(a) = a**2 - 1 - a**2 - 7*a - a**2. Let v be t(-6). Let g be 4 - (-1 + 0)/((-1)/(-21)). What is the highest common divisor of g and v?
5
Suppose 3*o + 4 = 19. Let c be (-3)/(-1) - (-5 + o). Let b be (-347)/(-4) + c/12. What is the greatest common factor of b and 29?
29
Suppose -53*x = -47*x - 4968. Calculate the greatest common factor of 36 and x.
36
Let v be 11 + 5/10*-8. Let k be 54/v*(1 - -6). Calculate the greatest common factor of k and 135.
27
Suppose -5*a + 3464 = 3*z, -5*a + 963 = 2*z - 1353. What is the highest common divisor of 14 and z?
14
Suppose 5*l = l - 56. Let k = 36 + l. Calculate the highest common factor of k and 55.
11
Let w be (-98)/(-6) + 1 + (-4)/(-6). What is the highest common factor of w and 126?
18
Let y(x) = 3*x**2 + x - 170. Let v be y(0). Let b = v - -202. Let g(f) = 2*f**2. Let a be g(2). Calculate the highest common factor of a and b.
8
Suppose 2 = 2*r - r. Suppose -r*f + 5 = -7. What is the highest common divisor of 6 and f?
6
Let v be (-4)/(-20) + (-3 - (-72)/15). Suppose -v + 18 = 8*i. Calculate the greatest common divisor of i and 18.
2
Let t = -150 - -159. Let m = 18 + 63. Calculate the greatest common factor of t and m.
9
Let y(p) = -p**3 - 3*p**2 + 3*p + 4. Let r be y(-4). Let c be r/24 + (-64)/(-6). Calculate the highest common factor of 99 and c.
11
Let m(p) = -5*p + 281. Let n be m(41). Calculate the highest common divisor of n and 57.
19
Let l be (4/12)/((-2)/42). Let t be (-8)/28 + (-2)/l. Let p(s) = -s**2 - 2*s + 48. Let x be p(t). What is the highest common divisor of 6 and x?
6
Suppose -3*f + 4*n = -12, -n - 2*n = -9. Let y(m) = 20*m - 2. Let k be y(-1). Let p = -14 - k. Calculate the highest common divisor of p and f.
8
Suppose 4*r - 9788 = 2732. What is the greatest common factor of 10 and r?
10
Let m(f) = f**3 + 3*f**2. Let b be m(-3). Suppose b = 3*d + 5*q - 40 - 20, -3*q = -9. What is the highest common factor of d and 15?
15
Suppose -3*g - 9 = 0, 0 = 5*i + 2*g - 4*g - 2976. What is the highest common factor of 54 and i?
54
Suppose -24*o - 41*o = -2860. Calculate the highest common divisor of 506 and o.
22
Let j be 22/4 - (-3)/(-6). Let y(d) = -3*d**2 - 2*d + 15. Let b be y(0). What is the highest common divisor of j and b?
5
Suppose -679 = -2*c - 469. Calculate the highest common factor of c and 75.
15
Let o = -5 + 5. Suppose 0*h + 3*y + 84 = 2*h, 3*y + 12 = o. Let l(d) = d**3 - 4*d**2 - 5*d + 4. Let s be l(5). Calculate the greatest common factor of s and h.
4
Let x(t) = -11*t - 4. Let i be x(-2). Let v be (2 - 261/(-15)) + i/30. Calculate the highest common factor of v and 10.
10
Let v be (-2 + -1)*5/(-15). Let f(l) = 13*l**2 - 1. Let g be f(v). What is the highest common factor of g and 84?
12
Let w(m) = 20*m**2 + 6*m + 13. Let p be w(-5). Calculate the highest common factor of 7 and p.
7
Let m(g) = 3*g**3 - 4*g**3 + 12*g + 2*g**2 - 36 + 24 + 10*g**2. Let c be m(12). Calculate the highest common factor of c and 33.
33
Suppose 466 - 368 = 7*q. What is the highest common factor of 266 and q?
14
Suppose 0 = -a + 3*a - 168. Let v = 96 - a. What is the highest common factor of v and 156?
12
Suppose 4*y - 66 = -0*y - 2*l, -2*l + 83 = 5*y. Calculate the highest common divisor of y and 17.
17
Suppose -329 + 41 = -12*j. Calculate the greatest common divisor of j and 6.
6
Suppose 0 = 3*n - 47 + 2. Let j = 662 - 647. What is the highest common factor of j and n?
15
Let s = 492 - 417. What is the highest common factor of 25 and s?
25
Let w(b) = b**3 - 6*b**2 + 7*b - 4. Let f be w(6). Let l be (-30)/(-12)*7524/55. What is the greatest common divisor of f and l?
38
Suppose 18 = 3*m - 0*m. Let o = 738 - 696. What is the greatest common divisor of o and m?
6
Let g(l) = 77*l**2 + 10*l - 29. Let m be g(2). Calculate the highest common factor of 23 and m.
23
Suppose -41 = 15*g - 16*g. Let m = g - 32. What is the highest common divisor of 63 and m?
9
Suppose 4*d + 93 = 3*s + 7, 0 = -2*d - 2*s - 50. Let y(j) = 2*j**2 + 34*j + 10. Let w be y(d). Calculate the greatest common factor of w and 22.
22
Let c be 2015/182 + (-3